 -3*w, -5*w = -w + 5*c + 9. Calculate p(w).
-5
Suppose -7*v = 6*v + 78. Let y(f) = -f - 5. Determine y(v).
1
Let r = 3 - -8. Let q = r + -5. Let m(u) = u**2 - 4*u - 8. Calculate m(q).
4
Let b(z) = -z**2 + 6*z + 3. Suppose 2*x - 1 = -11, 17 = 2*l - x. What is b(l)?
3
Let i(h) = -102*h**2 + 8 - 4*h + 50*h**2 + h**3 + 57*h**2. Calculate i(-6).
-4
Let b(j) = j**2 - 9*j + 9. Let m(n) = -n**3 - 11*n**2 + 60*n + 8. Let g be m(-15). What is b(g)?
1
Suppose 3*a + 0*a = 6. Let n(z) be the third derivative of 0 + 1/60*z**5 + 0*z + 1/3*z**3 + z**2 - 1/24*z**4. Give n(a).
4
Let y(g) = -3*g**2 + 2*g + 1. Let i(f) be the second derivative of -f**3/6 - 11*f**2/2 + 6*f. Let l be i(-10). Calculate y(l).
-4
Let l be (-1)/((-7)/84)*(-1)/2. Let t(d) = -8 - d + 1 - 2*d. Calculate t(l).
11
Let f(q) = q**3 + q**2 - q - 2. Let h(b) = -b**2 - b - 1. Let j(m) = -f(m) - 2*h(m). Determine j(3).
-5
Let s(a) = a**2 - 7*a + 6. Let m be 0 + -1 + -1 - -8. What is s(m)?
0
Let w(a) be the first derivative of a**5/30 + a**4/24 + 4*a**2 - 5. Let r(p) be the second derivative of w(p). Calculate r(-1).
1
Let b(f) be the third derivative of -f**4/12 + f**3/2 - 3*f**2. Calculate b(2).
-1
Let o(y) = -41*y - 7. Let f(s) = -21*s - 3. Let b(z) = 5*f(z) - 2*o(z). Give b(1).
-24
Let d be 2/(-3)*3*-1. Let z(l) = -2*l**3 - 5*l**2 - 5*l - 3. Let n(m) = 3*m**3 + 8*m**2 + 8*m + 5. Let a(b) = 5*n(b) + 8*z(b). What is a(d)?
-7
Suppose -4*y - 23 = -x, -5*x + 6*y - 2*y = -35. Let k be (-1)/x - (-16)/3. Let j(g) = -g**2 + 6*g + 2*g**2 + k - 2. Determine j(-2).
-5
Suppose 0 = -3*a - u - 23, -4*a - 2*u - 30 = -u. Let k(o) = o**2 + 9*o + 7. Give k(a).
-7
Let n(t) be the first derivative of 3*t**4/2 + t**2 + t + 5. Determine n(-1).
-7
Let h(c) = -2*c - 3. Let l be h(-3). Let g(i) = 3*i - 3. Determine g(l).
6
Let s(g) = 6*g - 3. Let b(k) = -7*k + 4. Let u(h) = 3*b(h) + 4*s(h). Calculate u(-1).
-3
Let o(y) be the second derivative of y**3/6 - 7*y**2/2 - 23*y + 1. Calculate o(0).
-7
Suppose 3*k = 7*k - 8. Let n(a) be the second derivative of 0 + 2*a**2 - k*a + 1/6*a**3. What is n(-4)?
0
Let a be 9 + (-3)/(6/4). Let f(p) = -p**3 + 6*p**2 + 10*p - 5. What is f(a)?
16
Let j(z) = -5 - z + 1 + 3*z. Suppose -4*d + 4*m = -2 - 2, -9 = -3*d + m. Calculate j(d).
4
Let j(q) be the first derivative of -q**3/3 - q**2 + 4*q - 173. Let b be ((-9)/(-15))/((-2)/(-10)). Let p be (-2)/6 + (-11)/b. Calculate j(p).
-4
Let s(c) = -c**2 + 3*c - 3 + 3 - 9*c**3 + 1 - 4*c. Let u(t) = -8*t**3 - t**2 - t + 1. Let h(f) = -6*s(f) + 7*u(f). Give h(1).
-3
Suppose -2*f - 10 + 6 = 0. Let u = 5 + f. Let h(n) = -n + 1. Give h(u).
-2
Let q(o) be the third derivative of -o**4/3 - o**3/6 - 7*o**2. Calculate q(-2).
15
Let p(l) be the third derivative of l**6/60 + l**5/30 - l**3/6 - l**2. Calculate p(1).
3
Let b(d) = d**3 - 7*d**2 + d - 10. Let z be b(7). Let s(i) = i**3 + 2*i**2 - 2*i + 3. Give s(z).
0
Let n(o) = o**2 - 21*o + 23. Let q be n(20). Let h(s) = 0*s - 1 - 4*s - 1. Determine h(q).
-14
Let t(k) = k**3 - 6*k**2 + k + 2. Suppose 0 = 4*f - 5*a - 34, 0*f + a = -3*f + 16. Determine t(f).
8
Suppose 3*z = -4*x - 7, 5*z + 2 = x - 25. Suppose -r = x*h + 12, h + 0*r + 6 = 2*r. Let a = h + 4. Let i(m) = -2*m**2 - 3*m - 1. What is i(a)?
-3
Let k(v) = v**2 + 5*v + 4. Suppose -q + 3*z = 12, 2*z - 3 = -q - 0*q. What is k(q)?
-2
Let b(o) = o - 8. Let g = 68 + -59. Calculate b(g).
1
Let o(s) = s**2 - 5*s. Let t be o(5). Let y(q) = 1 + t*q**3 - 3*q + 3*q + q**3 - 3*q. Suppose -r - f = -3, -4*f + 0*f = 2*r - 8. Calculate y(r).
3
Let u(m) = 2*m + 2. Let a(v) = -v - 1. Let x(s) = 13*a(s) + 6*u(s). What is x(2)?
-3
Let o(y) be the first derivative of y**4/4 - y**3 - y**2 + y + 3. Let s be o(3). Let g(h) = h + 4. Determine g(s).
-1
Let f(h) = 3*h - 2. Let r = 0 + 0. Suppose 0 = -r*x + 2*x + 2. Let d be 18/(-8) + x/(-4). What is f(d)?
-8
Let n(g) = g**2 - 5*g + 9. Let i(p) = p - 1. Suppose -5*b + 31 = 1. Let t(l) = b*i(l) + n(l). Let f = 26 - 26. What is t(f)?
3
Suppose 5*a + 14 = -v - v, 5*a + 35 = 5*v. Let w(t) = t**3 - t**2 - 3. Determine w(v).
15
Let u(q) = -q**2 + q. Suppose 2*j = 6*j. Let i be j/(-2 + 3 + -3). Determine u(i).
0
Let k(f) = f + 4*f - 4*f + 1. Let m = 16 - 11. Give k(m).
6
Let x(i) be the second derivative of i**3/2 - i**2 + i. Suppose 3*v = 4*v + 4, 2*v + 2 = -2*p. Calculate x(p).
7
Let x(a) = -a - 4*a - 3*a + 1 + 0. Determine x(-1).
9
Let t(f) = f**2 - 3*f. Let q be (-40)/(-3) - (-6)/(-18). Suppose 5*i + 5*l = 3*l + q, -5*i + 2*l = 3. Let d = i + 1. Determine t(d).
-2
Let b = 0 + 8. Let p be (-8)/(-1) + (5 - b). Suppose 22 = 3*v - 5*f, f - p*f - 12 = -v. Let s(m) = m - 5. Determine s(v).
-1
Let j be 2/4*12/(-6). Let w = 2 + -2. Let s(b) = w*b**2 + 3 + 6*b**2 - 4. Calculate s(j).
5
Let r(v) be the third derivative of -1/20*v**5 + 0*v - 1/24*v**4 + 1/3*v**3 + v**2 + 0 + 1/120*v**6. What is r(2)?
-4
Let d(w) = -2*w + 23. Let r be d(10). Let m(u) = -4*u. Let o(b) = -1. Let q(x) = m(x) - 3*o(x). Calculate q(r).
-9
Suppose 3 = 2*z - h + 22, -2*z - 13 = -3*h. Let k = -15 - z. Let j(m) = m**3 + 5*m**2 + 6*m + 2. Calculate j(k).
-6
Let l(v) = -7*v + v + 3*v + 6. Determine l(4).
-6
Let x(q) = -2*q**3 - 1 + 3*q**3 + 0. Let z be (-1)/(-1*1)*(-18 + 20). Calculate x(z).
7
Suppose 3*f = 5*f - 8. Suppose 12 + 8 = -f*r. Let w(n) = -n**2 - 6*n + 4. Give w(r).
9
Let x(u) = 20*u**3 + 14*u**2 - 3*u + 20. Let r(t) be the first derivative of -7*t**4/4 - 5*t**3/3 + t**2/2 - 7*t - 5. Let z(v) = 17*r(v) + 6*x(v). What is z(0)?
1
Let s(i) = i**3 - 9*i**2 + 9*i - 8. Let h be s(8). Suppose 4*k + 4 = -h. Let n(a) = 4*a**3 + 1 - 6*a**2 + 2*a**2 + 3*a**2. Give n(k).
-4
Let h(c) = 9 - 7 + 3*c**2 + 10*c - 4*c**2 + 2*c. Calculate h(10).
22
Let x(y) = y**2 + y - 1. Let v(o) be the second derivative of o**5/4 + o**4/2 + 7*o**3/6 - 5*o**2/2 - 2*o. Let d(z) = -v(z) + 6*x(z). What is d(-1)?
5
Let f(l) = 6*l**2 - 12*l + 5. Let z(j) = -7*j**2 + 13*j - 6. Let r(p) = 6*f(p) + 5*z(p). Determine r(7).
0
Suppose 2*i - 7*i + 10 = 0. Let q(f) = -f**3 - 6 - 4*f + 2*f**i + 11*f + 2*f**2. Suppose -6*d + 4*b = -d - 37, b = 3*d - 18. What is q(d)?
4
Let n be ((-5)/(-10))/((-2)/(-12)). Let z(g) = g + g**2 + 2*g + 6*g**n - 2 + 1 - 8*g**3. Give z(2).
-7
Let t(j) = -j**2 + 4*j - 1. Let m be t(5). Let o(r) = 76 - 146 - 2*r + 67. Calculate o(m).
9
Let p(o) = 5*o**2. Let i(r) = -4*r**2 - r. Let k(s) = 4*i(s) + 3*p(s). Let q(x) = 2*x + 6. Let z be q(7). Suppose 0 = 5*d - 0 + z. Give k(d).
0
Let n(k) be the second derivative of -k**4/12 + k**3/6 - 26*k. Calculate n(1).
0
Suppose 1 = -3*l + 4. Let m be -6*(l/(-3) + 0). Let j(k) = -k + 2. Give j(m).
0
Let p be ((-153)/(-54) + 2/(-6))*-2. Let t(z) = -z**2 - 6*z + 5. What is t(p)?
10
Let d = -13 - -27. Suppose d*v = 11*v - 18. Let x(u) = -u**3 - 6*u**2 - 2*u - 5. Determine x(v).
7
Let m(s) be the third derivative of -s**6/24 + s**5/60 - s**4/24 - s**3/6 - s**2. Let z(f) = -f - 5. Let b be z(-5). Let v be (3 - 2) + (b - 2). Calculate m(v).
6
Let o be ((-24)/56)/(2/(-14)). Let q(u) = u**3 - 74*u - o*u**2 - 1 + 74*u. Calculate q(3).
-1
Suppose -3*q - 3 = -4*h, 0 = -q + 2*q + 5*h + 20. Let z(b) = b + 5. What is z(q)?
0
Let v(y) = 2*y**3 + 15*y**2 + 12*y + 3. Let b(l) be the first derivative of -l**4/4 - 8*l**3/3 - 3*l**2 - l + 2. Let q(x) = -5*b(x) - 3*v(x). Give q(-4).
4
Let x(n) be the third derivative of n**4/24 + n**3/6 + 31*n**2. Calculate x(7).
8
Let q = 7 - 0. Suppose -2*d - q - 1 = 0. Let c(j) = j + 4. Calculate c(d).
0
Let c(f) be the second derivative of f**3/6 - f**2/2 - 7*f. Calculate c(-7).
-8
Let j(x) = -x**3 - 2*x**2 + 10*x - 6. Let t(f) = 3*f**3 + 6*f**2 - 29*f + 17. Let p(z) = 17*j(z) + 6*t(z). Let c(i) = i + 2. Let y be c(-5). Determine p(y).
3
Let p(f) = -f**2 + f + 2. Let c(u) = u**3 - 10*u**2 + 9*u. Let k be c(9). Let r be p(k). Let j(n) = -2 + 2 + 0 + r*n**2. Determine j(2).
8
Let i(d) be the first derivative of -2*d - 3 + d**2 - 1/3*d**3. Give i(3).
-5
Let c(g) be the second derivative of g**3/6 - 2*g**2 - 8*g. Determine c(7).
3
Let d(k) = 4*k + 1. Let s(w) = -12*w - 4. Let v(u) = 16*d(u) + 5*s(u). Give v(3).
8
Let j(x) = x**2 + 5*x + 2. Let u = 15 - 12. Let z be (-9)/u - (3 + -3). Give j(z).
-4
Let w(a) = -a**2 - 1. Suppose t + 0 = 3. Suppose 4*m - m = t. Give w(m).
-2
Let w(u) = 9*u**3 + 2*u**2 + 7*u**3 + 2*u - 21*u**3 + 1. Dete